What is 1 - 1 - ((25 - 36) + 18)?
-7
What is the value of -11 + -1 - (-8 + (-19 - -9 - -12))?
-6
-20 + 7 + 13 + 12 - 9
3
Evaluate (5 + -9 - -8) + 4 - (1 + 0).
7
What is -26 - -6 - (-9 - (0 + -4))?
-15
Calculate (2 - (3 - 4)) + (10 - 47) - -9.
-25
What is -21 + 29 - (0 + (4 - -3))?
1
What is -1 - -4 - 4 - ((-1 - -2) + 3)?
-5
16 - 3 - 8 - (-2 - (1 - 0))
8
What is 77 + -78 + (-4 - 3)?
-8
What is the value of 212 - 201 - (36 + 1)?
-26
Evaluate -4 - -14 - -6 - 9.
7
What is 8 - (7 + 12 + 3 + -8) - 4?
-10
44 - (-18 + 7 + 27)
28
Calculate -20 - (-6 - 11 - 6).
3
Evaluate 55 + -51 - (0 - (0 - -2) - -3).
3
-23 + (-16 - -47) - (-1 + -6)
15
-2 + 7 + -3 + -3 + 3
2
What is (-121 - -112) + 2 + -1 + -1?
-9
-16 - (-6 - ((1 - -2) + 11 + -15))
-11
What is (-27 - 0) + (1390 - 1363)?
0
Calculate 17 - (13 - (-13 - -17)).
8
-3 + (-3 - 0) + (-22 - -17)
-11
What is the value of -7 + (-24 - -17) + (-2 - -1 - -1)?
-14
Evaluate (-8 - -8) + -5 - 4.
-9
What is -4 - (14 + -27 + 6)?
3
Evaluate (-1 - 7) + (-28 - -20).
-16
Evaluate (-1 - -9) + -84 + 84 + 3.
11
Calculate 32 + -17 + -49 + 17 - 17.
-34
Evaluate 0 + 2 - (-1 + 2) - (-1 - -3).
-1
-10 + (4 - -40 - (16 - 3))
21
What is -29 + (42 - (4 + 0))?
9
Calculate -32 - -39 - (-1 - -14) - 8.
-14
What is the value of -41 - (-10 + -6 - 11)?
-14
What is the value of (-4 - 4) + 13 + 2 + -6?
1
What is -18 + -7 + 11 + 5?
-9
(1 - -1) + (20 + -19 + 10 - 10)
3
What is the value of (-13 - (-5 + 0)) + 10 - -5?
7
What is the value of (7 - -6) + 44 + -48?
9
Calculate -3 + -15 + 23 + -13 + -8.
-16
What is (-38 - (-3 - (18 - 3))) + (1 - -2)?
-17
1 + -12 - (-31 + 1 - (-43 - -53))
29
Evaluate -1 + -34 + 30 + -21.
-26
What is -1 + 4 - (-18 + 11 + 7) - 1?
2
Evaluate -17 + (23 - 14) - (-13 - -1).
4
Calculate -17 + -10 + 53 + -13.
13
Calculate 17 - (46 + -18) - -23.
12
What is 0 + 34 - (612 - 594)?
16
2 + (3 - 1) - (29 + -7 + -6)
-12
What is -7 - (-22 + (41 - 33))?
7
Evaluate (-24 - (-11 + 3)) + 4 - -5.
-7
Calculate -20 + 26 - (4 - (-4 - -12)).
10
What is the value of 2 + -8 + -4 + 0 + 37?
27
Evaluate 38 + (-11 - 23) + (5 - 2 - 27).
-20
1 - 5 - (7 + -2 + -6)
-3
What is the value of 11 + (46 - 39 - (27 + -1))?
-8
-12 - (20 - 51) - 21
-2
What is the value of -32 + 53 + -2 + -12 - 0?
7
Calculate -10 + 2 - (0 + -35 + (6 - -5)).
16
Calculate (10 - 17) + (0 - 3).
-10
Evaluate -17 + -7 + (15 - 17).
-26
Evaluate 8 + -6 + 2 - -8.
12
What is the value of -5 + (5 + (-1 - -2) - (-374 - -369))?
6
What is the value of 14 + (0 - (0 + -6) - 8)?
12
-4 - (-6 + (-8 - -10) + 11 - 3)
-8
Evaluate 2 + -30 + 14 + 28.
14
Calculate -13 - -28 - (16 + -4).
3
What is the value of 15 + -51 + -27 + 98?
35
4 - (-14 + 3 + 10) - (11 + -1)
-5
What is the value of (85 - 89) + 4 + -7 + 4?
-3
What is 11 + 2 + -5 + -11?
-3
Evaluate 1 + 4 + -9 + (0 - -10 - 2).
4
Calculate (-3 - (11 - 25)) + -9 + (8 - -1).
11
What is the value of (-3 - (-4 - (-10 + 7))) + 4?
2
What is the value of (-7 + 14 - 9) + 13?
11
What is the value of -1 + -12 + (0 - 0) - (1 + -1)?
-13
-1 + (-6 - -10) + -3 + 7 - -16
23
Calculate 5 + 34 + 26 - 34.
31
Evaluate 3 + (3 - 1) + -4 + 66 + -82.
-15
Calculate -1 - ((-4 + 8 - -1) + (1 - 2)).
-5
What is the value of 2 + -1 - (-82 + 95)?
-12
1 + 12 + -1 + -134 + 136
14
Evaluate -9 + (-8 - (4 + -6 - 19)) + -19.
-15
What is the value of 101 + -110 + (-8 - -1)?
-16
Calculate (-4 - (1 + 13)) + 2 + (3 - -1).
-12
What is (-1 + -13 - -1) + (-27 + 34 - 1)?
-7
What is -16 - (10 - -2 - 21)?
-7
Evaluate 3 + 2 + -7 + (-8 - -39).
29
What is 4 + -14 - 2 - -3?
-9
What is (25 - 48) + 29 + (1 - 0)?
7
Evaluate -2 + (-1 - -2) + (-871 - -878).
6
Evaluate (17 + 12 + -14 - 18) + -6.
-9
-19 + 22 - (-5 + 8 - 13)
13
What is the value of 0 - (-16 - (-3 - 4))?
9
Evaluate 0 - (8 + -18 + 7) - 6 - 18.
-21
What is 1 + -16 + 4 + 4 - (1 - 22)?
14
4 + (1 - 1) + -1 - (39 + -26)
-10
Evaluate (5 + 7 + -2 - 6) + -12.
-8
What is -24 + (3 - 3 - -8) + 8?
-8
Calculate 15 + (-12 - -24) + -32 - (1 - -26).
-32
-3 - 1 - (12 + (10 - 16) - 5)
-5
(-10 - -14) + -11 + (-4 - 1)
-12
Evaluate 2 - 3 - (37 - 31).
-7
Evaluate (-42 - (-37 - -6)) + 0 + (6 - 3).
-8
(5 - 8) + (1 + -3 + -2 - 4)
-11
Evaluate (114 - 91) + -1 + 0 + 2.
24
Evaluate (-4 - (-8 - -2)) + 2 + 5 + -4.
5
Calculate (-67 - -61) + 0 + 2 - (-14 - 0).
10
What is the value of (-2 - -2) + 18 - -2 - (79 - 77)?
18
What is 2 - ((-3 - 11) + 21) - 1?
-6
Evaluate -40 - ((-7 - -19) + -7) - -13.
-32
Evaluate (-5 - -1) + 6 - (-16 - (-8 - -4)).
14
Evaluate (-1 - 1 - 1 - (43 + -59)) + -3.
10
Evaluate -31 - ((36 - 26) + -17).
-24
What is the value of 28 + (-9 - (-2 + (5 - 10))) + 5?
31
19 - (25 - 18) - -19
31
What is 29 - (23 + (-20 - -1))?
25
Calculate 3 + -2 + -3 + -10 - (87 - 91).
-8
What is 2 - (13 - (-24 - -19))?
-16
6 - (8 + (-23 - -17))
4
Calculate -5 - (74 - 69 - (8 - 1) - -8).
-11
Evaluate 8 + (-3 - (3 + -9) - 16) + 26.
21
-12 + 1 - (12 - (3 + 19))
-1
13 - ((20 - 25) + 3 + 1)
14
What is (4 - 12) + (17 - 0) + -27?
-18
What is (46 - 51) + 0 + 1 - (-3 - 0)?
-1
What is the value of 4 + (0 + -6 - 4 - -17)?
11
Evaluate 17 + -1 + 2 + -6.
12
Evaluate 3 + -11 + (-6 - -14 - -2).
2
4 + (-4 - -34 - 14)
20
Calculate 46 + (-25 - (0 - 11)).
32
Evaluate 37 + -8 + (7 - 18).
18
(36 + -29 - 14) + (1 - -13)
7
What is 27 + -48 - (2 - 38)?
15
What is the value of (-54 - -16 - -36) + (16 - -4)?
18
What is -240 - -251 - (-9 + -1)?
21
What is -16 + (74 - (-8 + 51))?
15
What is the value of 5 + -16 + (-6 + -1 - -2) + 5?
-11
What is the value of 5 + (-26 + 10 - 0)?
-11
What is (-1 - -9) + 3 + -5 + 1?
7
What is the value of 34 - (36 + -22 + -5)?
25
(-16 - (-8 - -15)) + 33
10
What is the value of 1 + 0 + -1 + -1 + 7 + -8?
-2
Evaluate -35 - -1 - (-9 - (-13 - -19)).
-19
What is -4 + 2 - (15 - (-8 - -21 - 1))?
-5
What is the value of 5 - (-6 + -4 + -7) - (17 + -8)?
13
What is the value of -5 + 15 - (208 - 191)?
-7
What is 25 - (-19 + -4 + 19)?
29
What is the value of (-4 - -6) + 4 + 11 + 8 + 4?
29
What is -41 + 15 - (-4 - 39)?
17
Evaluate (-54 - -52) + (3 + -3 + 1 - -5).
4
Evaluate 2 - (-12 + 13) - -3.
4
Calculate -2 + (-80 + 89 - (1 + -10)).
16
Calculate -36 + 40 + (-5 - 20).
-21
What is (1 - -8) + 34 + -38 + -10 + 0?
-5
Evaluate 4 + -5 + (16 - 11) - 22.
-18
What is the value of -9 + (-2 - -12) + -4 + 2?
-1
-41 + (16 - (10 + -19))
-16
Calculate (2 - (7 + -3)) + 4 + -7.
-5
14 + -16 - (3 - -5)
-10
Evaluate -21 + 13 + -9 - -4.
-13
4 + -7 + -4 - (-1 + -5 + 7)
-8
Calculate -1 + -9 + -1 + 4 - (128 + -137).
2
What is -12 - -25 - (18 - 9)?
4
Evaluate -7 + -11 - -11 - -36.
29
-37 + (47 - 21) + 42 + 2
33
What is -22 + (-11 - (-12 + 4) - -7)?
-18
-3 - -9 - (8 + -10 + -2)
10
What is 1 + 1 + -34 + 46 + -146 + 109?
-23
What is the value of -304 + 282 - (-43 - -2)?
19
Calculate -28 + 0 + 16 - -16.
4
Evaluate 27 - (27 - 15) - (0 - -3).
12
(-11 - 3) + (-6 + -30 + 19 - -7)
-24
Evaluate -93 + 108 + 1 + -27.
-11
What is -7 - -9 - (-24 + (-7 - -18))?
15
What is -60 + 56 - (-6 + 0) - -3 - 18?
-13
-4 - (-1 + (-13 + 3 - (1 + -14)))
-6
What is -53 - -27 - (4 - 10 - 5)?
-15
Calculate 39 + (-42 - -27 - 13).
11
Calculate 0 + 3 + -2 + 1 - (-400 - -403).
-1
Calculate (-8 - (0 + -8 - (-63 - -65))) + -20.
-18
9 + (-26 - -36 - 2)
17
What is the value of (-11 + 0 + 11 - 2) + -11?
-13
7 + -9 - (-3 + 4 + 11 + 1)
-15
-17 + 5 + 32 + -18
2
Calculate 12 - (4 - -4 - -4) - (-7 - 1).
8
What is 2 + 0 - -1 - (-29 + 27) - 0?
5
What is -7 - ((5 - 9) + 16 - 4)?
-15
Calculate (-1 + 30 - 21) + (-14 - 2).
-8
24 + -38 + (6 - 13)
-21
Calculate 7 - (-2 - 10 - (171 - 180)).
10
What is (5 - (19 + -5)) + -6 + -6 + 5?
-16
-40 + 14 + 4 + 16
-6
-28 + (-6 - (-34 - -26))
-26
21 - (-24 + 30) - 0
15
What is the value of (-22 - (-3 - -6)) + 26?
1
What is (-2 + 13 - (0 - 1) - -2) + 3?
17
(3 - (-14 - -8)) + -1
8
-15 + (1 + 14 - 9)
-9
What is 37 - (2 - -25) - 16?
-6
-22 + 10 - -36 - 3
21
What is 1 - 10 - (151 + -152)?
-8
Evaluate (1 - -3) + (-8 + (1 - 4) - -1).
-6
Calculate 18 - (10 + 6) - 2 - (13 + 2).
-15
Calculate 65 - ((77 - 5) + -25).
18
What is -23 + -13 + (-9 - -23)?
-22
Calculate 194 + -213 + (2 - -35).
18
Evaluate -6 + -3 - (-84 - -89).
-14
Calculate 2 + (-10 - (17 + -18)).
-7
What is the value of -7 + (-10 + 5 - -17) - (25 + -8)?
-12
What is -7 - (-26 + 38 + -22)?
3
Evaluate 13 + 0 + -19 + -12.
-18
What is the value of -53 - (36 + -78) - -32?
21
Calculate -3 - (